*x = -2. Let p = 0 - x. What is the units digit of p?
2
Let d(i) = i**2 - 6*i - 1. Let j be d(7). Let y = 8 - j. Suppose y*l = 63 + 21. What is the units digit of l?
2
Suppose 0 = -15*g - 4*g + 14402. What is the hundreds digit of g?
7
Let c be (12/10)/((-14)/35). Let a be -2 + 0 + 40/5. What is the tens digit of c + a + 2*4?
1
Let q(b) = -23*b - 17. Let a be q(-5). Let p = 179 - a. What is the units digit of p?
1
What is the hundreds digit of 8360/25 + (-20)/50?
3
Let a(f) = f**3 + 11*f**2 + 29*f - 1. Let c be a(-7). Let m(r) = -r + 15. What is the units digit of m(c)?
3
Let j = -1605 - -2384. What is the tens digit of j?
7
Let l = -158 - -478. What is the units digit of l?
0
What is the units digit of 168077/56 - -7 - 9/24?
8
Let s(i) = 49*i + 488. What is the tens digit of s(32)?
5
Suppose -2*p - 598 = -4*j, 3*p = 35 - 50. What is the tens digit of j?
4
Suppose 106840 + 143321 = 61*r. What is the units digit of r?
1
What is the hundreds digit of 84/(-36)*29265/(-35)?
9
Let h = 7731 + -4145. What is the tens digit of h?
8
Suppose -115*k + 105*k = -13110. What is the tens digit of k?
1
Let o = -32 + 17. Let a be 4/(-10) - 21/o. Let f(q) = 2*q**3 + 1. What is the units digit of f(a)?
3
Suppose 4*w - 6*w = 4*a, 0 = 3*w - 2*a - 8. Suppose 0 = -2*q - 5*v + 267, -w*q - 2*q = 4*v - 516. What is the hundreds digit of q?
1
Let m = 34 + 78. Suppose 4*r - 5*r + m = 0. What is the units digit of r/(-6)*27/(-12)?
2
What is the tens digit of ((-111)/(-148))/(2/232)?
8
Let f(i) = 31*i**3. Let h be f(-1). What is the units digit of (5 + h)/(3 + -4)?
6
Let g be 30/(-12)*(-4)/2. Suppose 0 = -q - 4*y - g, 4*q - 2*y - 18 = y. Suppose q*m = m + 24. What is the tens digit of m?
1
Suppose 5*n = -3*i - 99, 4*i - n + 109 = -0*n. Let f = i - -50. What is the tens digit of 44/3*33/f?
2
Let g = 7 - 3. Suppose 0*y - u = -g*y - 11, 4*y + 15 = -3*u. What is the tens digit of (y - -5)*22/4?
1
Suppose 4*a = -m + 8623, -68*a + 69*a = 3*m + 2159. What is the units digit of a?
6
Let j = 58 + -39. Let t = -10 + j. What is the units digit of t?
9
Let q(d) = -12*d**3 - 9*d**2 - 29*d - 66. What is the hundreds digit of q(-6)?
3
Let k be -2 + 6 + 30/(-2 + -4). Suppose 5*b = 2*l - 69, -l = -b - 17 - 13. Let r = k + l. What is the tens digit of r?
2
What is the units digit of (790/(-40) - -21)/((-1)/(-2140))?
5
Let h = -5554 + 8444. What is the tens digit of h?
9
What is the hundreds digit of ((-1)/3*-1)/(45/78705)?
5
Let s be -1 + 6 + -1 + 0. Suppose l = -s*l + 150. Suppose f - 5*f + 2*j = -l, 48 = 5*f + j. What is the units digit of f?
9
Let w be 60 + -2 - (5 + -1). Suppose -w = -2*q - 7*q. What is the units digit of q?
6
Let b(h) = -h**2 + 10*h + 5. Let x be b(10). Suppose -2*d + x*d = 81. Suppose 5*v - z - 134 = -5*z, 0 = v + z - d. What is the units digit of v?
6
Let x(f) = 153*f + 2. Let w be x(1). Suppose 3*c + 2*c = w. Let s = 36 - c. What is the units digit of s?
5
Let p(r) = r**3 - 15*r**2 + r + 8. Suppose -x + 3 = -12. What is the tens digit of p(x)?
2
Let h be 29/(-6) - 1/6. Let t = h - -8. What is the tens digit of 120/10 + 1*t?
1
Let o = 13241 - 9337. What is the hundreds digit of o?
9
Suppose -7*x = -11*x - z + 4829, 0 = -x + z + 1201. What is the thousands digit of x?
1
Let k = -31 + 139. Suppose -n = n. Suppose n = -a + 5*a - k. What is the tens digit of a?
2
Suppose -162 = -4*c - m + 3*m, m + 167 = 4*c. Let b = c - 11. What is the tens digit of b?
3
Let j = -6 + 9. Let b(q) = 2*q + 12. Let v be b(-5). Suppose j*y - 125 = -v*y. What is the units digit of y?
5
Let d be 1/3 + 275/3. Let j = 173 - d. What is the units digit of j?
1
Let c(z) = -6*z + 2. Let l be c(-2). Let t = 16 - l. Suppose -t*x - 36 = -4*x. What is the tens digit of x?
1
Let d(a) = 4*a**2 - 21*a + 164. What is the hundreds digit of d(7)?
2
Suppose -3*a = -7*a + 60. Suppose -4*k + a = -k. Let r(d) = 7*d - 4. What is the units digit of r(k)?
1
Suppose -4*s + 6 = s - 2*c, 0 = 3*s - 4*c - 12. Suppose -n + 0*n + 53 = s. What is the units digit of n?
3
Suppose 6*b - 9*b = -6. Suppose -4*g = -b*g - 68. What is the tens digit of g?
3
Let m(b) = b**3 - 4*b**2 + 4*b + 2. Let o be m(2). What is the units digit of (-120)/(-36)*3/o?
5
What is the tens digit of 540/(-70)*(-14)/10*60?
4
Let l be (208/10)/((-10)/(-125)). What is the units digit of (l/40)/(1/2)?
3
Let d = 3 - -33. Let i be -1 + 1 + (0 - -3). Suppose -3*j - i = -d. What is the tens digit of j?
1
Suppose 60907 + 55322 = 53*r. What is the tens digit of r?
9
Suppose -4 = -2*m + m. Let b(y) = 3*y**2 + y. Let g be b(1). Suppose -8 = -m*u + 4*f, -3*u = -5*f - g - 4. What is the units digit of u?
1
Let o(x) = 245*x**3 + x**2 + x - 1. What is the tens digit of o(1)?
4
Let t = 62 - 35. Let i be 3/(-2)*(-684)/t. Suppose 0 = -g + 4, 0*b + 5*g + i = 2*b. What is the tens digit of b?
2
Suppose -3*s + 55 = -56. Let m = 57 - s. What is the tens digit of m?
2
Suppose 128728 = 101*w - 190028. What is the hundreds digit of w?
1
Suppose 3*p = -m - 6, m + 2*m - 2*p = 15. Suppose -m*o + 556 = -5*b, -o + 3*b + 370 = o. What is the tens digit of o?
8
What is the tens digit of -1 - (29/(-4))/(28/4144)?
7
Let s(y) = -214*y - 93. What is the units digit of s(-3)?
9
Suppose -6650 = -4*p - p. What is the hundreds digit of p?
3
Suppose -9*r + 4*r = 160. What is the tens digit of r/(-12)*(15 - 0)?
4
What is the tens digit of ((-506)/33)/((-5)/330)?
1
Let a = -180 - -521. Suppose -a + 101 = -3*m. What is the units digit of m?
0
Let s = 100 + 343. What is the units digit of s?
3
Let n be 8/(-12) - (-8)/3. Let s(d) be the second derivative of 7*d**5/20 + d**4/4 - d**3/6 - d**2 - 2*d. What is the tens digit of s(n)?
6
Let j be -4 + 14/2 + -3. Suppose 4*y - 3*y + 134 = j. What is the units digit of (y/4)/((-1)/2)?
7
Let t = -2626 + 3724. What is the tens digit of t?
9
Let r be (-14)/5*(-15)/6. Let a(q) = -r + 9*q + 7 - 2 + 0. What is the units digit of a(4)?
4
Let u = 8 - -7. Suppose 5*k + 10*k - 285 = 0. Suppose -d + 5*z = -0*z + k, -3*z = -u. What is the units digit of d?
6
Let w(b) = -b**3 + 6*b**2 - 6*b + 2. Let q be w(5). Let p be (9/(-3))/q - -3. What is the units digit of (-10 + -1)*(-1 - p)?
5
Let w be (2/(-4))/((-2)/492). Let b = 220 - w. What is the tens digit of b?
9
Let g be (-6)/21 + (-150)/(-35). Suppose 3*u + x = -0*u + 7, 3*u - 1 = -g*x. Suppose 0 = -2*q + 15 + u. What is the units digit of q?
9
Let x(q) = 16*q**3 - 49*q**2 - 5*q - 85. Let j(c) = -3*c**3 + 10*c**2 + c + 17. Let u(o) = 11*j(o) + 2*x(o). What is the tens digit of u(12)?
2
Suppose 4*w - 77 = -3*c - 22, -5*c + 5*w + 45 = 0. Suppose 85 = 4*a + c. What is the tens digit of a?
1
What is the hundreds digit of ((-313)/(-3))/(1*2/12)?
6
Let v = -146 - -523. What is the units digit of v?
7
Suppose 4*p + 0*n = n + 21, 3*n = -p - 11. Suppose p*z + 16 = 5*r - 517, 2*z - 115 = -r. What is the units digit of r?
9
Let d(s) = -220*s - 6. What is the tens digit of d(-2)?
3
Suppose -2*d - 2*d = 0. Suppose -4*p = 2*o, o + o = 5*p - 18. Suppose -2*z - 2 = d, 4*i - p*i = -4*z + 12. What is the units digit of i?
8
Suppose -3*l = -3*t - 11094, 0 = -4*l - 56*t + 54*t + 14768. What is the units digit of l?
4
Let u(m) be the first derivative of m**4/24 + 7*m**3/6 - 5*m**2/2 - 1. Let c(d) be the second derivative of u(d). What is the units digit of c(-4)?
3
What is the hundreds digit of -1*(-3 + -304) - (6 - 9)?
3
Let q = -275 - -492. What is the hundreds digit of q?
2
Let j(a) = 5*a + 19. Suppose -7*c + 3*c + 48 = 0. What is the units digit of j(c)?
9
Let a be -1 - -5 - (-10 + 11). Let n be a + (-3 + 7 - 1). Let w = 6 + n. What is the units digit of w?
2
Let i be (-6)/(-1 + -1 + 1). Suppose -5*k = -4*t - 35, 5*k + 14 = 7*k + 4*t. Suppose -i*l - 24 = -k*l. What is the tens digit of l?
2
What is the units digit of ((-3)/(60/14456))/(20/(-50))?
7
Let l(s) = -5*s - 33. Let z be l(-7). What is the tens digit of -5*(-216)/30 + 2*z?
4
Suppose -857 = 4*v - 3409. Let h = v + -404. What is the units digit of h?
4
Suppose 23*c - 6709 = 904. What is the units digit of c?
1
Let f = 118 + 1976. What is the tens digit of f?
9
Let l(s) = s**3 - 5*s**2 - 10*s - 3. Let d(f) = -f**2 + 5*f + 21. Let r be d(7). What is the tens digit of l(r)?
2
Suppose -f + 6*f - 20 = 0. Suppose 20 = -3*j + f*k, j - 2*k - 10 = -4*k. Suppose i = -j*i + 14. What is 